mainder when 34479 is divided by 34354.
125
Calculate the remainder when 14073568 is divided by 445.
443
Calculate the remainder when 952667 is divided by 1434.
491
Calculate the remainder when 290757 is divided by 258.
249
What is the remainder when 11989235 is divided by 21?
20
What is the remainder when 51862274 is divided by 20?
14
Calculate the remainder when 992927 is divided by 5139.
1100
Calculate the remainder when 295836 is divided by 295739.
97
Calculate the remainder when 66502 is divided by 4988.
1658
Calculate the remainder when 5808711 is divided by 1902.
3
What is the remainder when 299634 is divided by 139?
89
Calculate the remainder when 8300533 is divided by 5.
3
Calculate the remainder when 323762 is divided by 11.
10
Calculate the remainder when 444207 is divided by 2052.
975
Calculate the remainder when 227964 is divided by 10112.
5500
Calculate the remainder when 305056 is divided by 305014.
42
What is the remainder when 38361 is divided by 762?
261
What is the remainder when 335470 is divided by 30497?
3
What is the remainder when 65314953 is divided by 394?
391
Calculate the remainder when 16350212 is divided by 3270039.
17
What is the remainder when 380731 is divided by 8656?
8523
Calculate the remainder when 2407248 is divided by 1909.
1908
What is the remainder when 2128668 is divided by 1264?
92
What is the remainder when 1737586 is divided by 33415?
6
What is the remainder when 118249 is divided by 115796?
2453
What is the remainder when 2681916 is divided by 206301?
3
What is the remainder when 17428497 is divided by 125?
122
What is the remainder when 1222633 is divided by 611288?
57
What is the remainder when 20052 is divided by 190?
102
Calculate the remainder when 10033670 is divided by 1672271.
44
Calculate the remainder when 3280876 is divided by 335.
221
What is the remainder when 42415 is divided by 1092?
919
Calculate the remainder when 2326657 is divided by 1163300.
57
Calculate the remainder when 2029277 is divided by 57979.
12
Calculate the remainder when 31978733 is divided by 19.
4
Calculate the remainder when 137808 is divided by 5835.
3603
Calculate the remainder when 8940741 is divided by 19957.
5
Calculate the remainder when 3468828 is divided by 129.
18
What is the remainder when 6026483 is divided by 7?
1
Calculate the remainder when 235211 is divided by 1410.
1151
What is the remainder when 1289549 is divided by 71641?
11
Calculate the remainder when 79728 is divided by 51.
15
Calculate the remainder when 539273 is divided by 3516.
1325
What is the remainder when 8975342 is divided by 28?
26
Calculate the remainder when 7651431 is divided by 75014.
3
Calculate the remainder when 13788652 is divided by 85115.
22
Calculate the remainder when 1640575 is divided by 2933.
1028
What is the remainder when 22778314 is divided by 41415?
64
What is the remainder when 300481 is divided by 74966?
617
What is the remainder when 2617854014 is divided by 848?
846
Calculate the remainder when 20682 is divided by 10128.
426
What is the remainder when 632261 is divided by 107?
105
Calculate the remainder when 36820400 is divided by 12273458.
26
Calculate the remainder when 208733 is divided by 104358.
17
What is the remainder when 1842965 is divided by 107?
104
What is the remainder when 769282 is divided by 108?
106
What is the remainder when 12503214 is divided by 392?
374
Calculate the remainder when 2467530 is divided by 7410.
0
What is the remainder when 71046336 is divided by 8880791?
8
Calculate the remainder when 35182 is divided by 330.
202
Calculate the remainder when 13370165 is divided by 103.
44
What is the remainder when 58798 is divided by 3839?
1213
What is the remainder when 6230432 is divided by 6230427?
5
Calculate the remainder when 120898 is divided by 20965.
16073
What is the remainder when 464958283 is divided by 533?
530
Calculate the remainder when 2197522 is divided by 732420.
262
Calculate the remainder when 532858 is divided by 534.
460
Calculate the remainder when 1151613 is divided by 164.
5
What is the remainder when 886147 is divided by 131?
63
Calculate the remainder when 39875359 is divided by 3814.
3803
Calculate the remainder when 225254 is divided by 1681.
0
Calculate the remainder when 2663880 is divided by 2387.
2375
Calculate the remainder when 5560926 is divided by 1040.
46
What is the remainder when 2676190 is divided by 61?
59
What is the remainder when 10731268 is divided by 199?
193
What is the remainder when 13844741 is divided by 1003?
332
Calculate the remainder when 518875 is divided by 762.
715
What is the remainder when 68390 is divided by 4509?
755
Calculate the remainder when 538170 is divided by 71.
61
Calculate the remainder when 180527227 is divided by 23.
20
What is the remainder when 634397 is divided by 2282?
1
What is the remainder when 701646 is divided by 5429?
1305
What is the remainder when 11096 is divided by 9276?
1820
Calculate the remainder when 29879 is divided by 2896.
919
What is the remainder when 187321547 is divided by 3995?
3987
Calculate the remainder when 204520 is divided by 18424.
1856
Calculate the remainder when 72371 is divided by 72368.
3
Calculate the remainder when 207290 is divided by 123.
35
What is the remainder when 70919 is divided by 7580?
2699
Calculate the remainder when 428147 is divided by 216.
35
What is the remainder when 162028 is divided by 2859?
1924
Calculate the remainder when 20724967 is divided by 294.
25
Calculate the remainder when 74657 is divided by 346.
267
Calculate the remainder when 128753 is divided by 238.
233
Calculate the remainder when 102363 is divided by 644.
611
Calculate the remainder when 10750183 is divided by 671886.
7
What is the remainder when 440297 is divided by 1607?
1586
Calculate the remainder when 12545076 is divided by 696947.
30
Calculate the remainder when 12065633 is divided by 1723638.
167
What is the remainder when 151198 is divided by 197?
99
What is the remainder when 1614993 is divided by 15990?
3
Calculate the remainder when 15064187 is divided by 43.
40
Calculate the remainder when 2510480 is divided by 17.
5
What is the remainder when 4034069 is divided by 67?
66
Calculate the remainder when 360131 is divided by 669.
209
What is the remainder when 749 is divided by 165?
89
Calculate the remainder when 2291862 is divided by 286475.
62
What is the remainder when 2773385 is divided by 510?
5
What is the remainder when 4334714 is divided by 33?
32
What is the remainder when 396409029 is divided by 132136343?
0
Calculate the remainder when 15794 is divided by 1927.
378
Calculate the remainder when 588011 is divided by 97987.
89
Calculate the remainder when 204738 is divided by 785.
638
What is the remainder when 766495 is divided by 383233?
29
What is the remainder when 227074518 is divided by 352?
22
What is the remainder when 69869 is divided by 1003?
662
Calculate the remainder when 157974 is divided by 384.
150
What is the remainder when 8362164 is divided by 760194?
30
Calculate the remainder when 771497 is divided by 1534.
1429
What is the remainder when 12232669 is divided by 129?
115
What is the remainder when 39367 is divided by 1514?
3
Calculate the remainder when 13073714 is divided by 3268428.
2
Calculate the remainder when 147992 is divided by 555.
362
What is the remainder when 4612906 is divided by 212?
210
What is the remainder when 1221329470 is divided by 64?
62
What is the remainder when 16078749 is divided by 1609?
12
Calculate the remainder when 482492 is divided by 35.
17
Calculate the remainder when 722239 is divided by 6393.
6223
Calculate the remainder when 3477253 is divided by 2751.
2740
What is the remainder when 119049 is divided by 355?
124
Calculate the remainder when 1474063 is divided by 63.
52
Calculate the remainder when 4790608 is divided by 6.
4
Calculate the remainder when 414817 is divided by 46033.
520
Calculate the remainder when 32271 is divided by 88.
63
What is the remainder when 1151213 is divided by 95932?
29
What is the remainder when 2981437 is divided by 1623?
1609
What is the remainder when 41467 is divided by 175?
167
Calculate the remainder when 75108177 is divided by 1652.
1649
Calculate the remainder when 105292216 